{"id":110,"date":"2018-07-29T18:47:41","date_gmt":"2018-07-29T16:47:41","guid":{"rendered":"http:\/\/usykarate.fr\/?page_id=110"},"modified":"2025-08-31T13:17:41","modified_gmt":"2025-08-31T11:17:41","slug":"galerie-videos","status":"publish","type":"page","link":"https:\/\/usykarate.fr\/index.php\/galerie-videos\/","title":{"rendered":"Galerie Vid\u00e9os"},"content":{"rendered":"\n<p class=\"has-text-align-center\"><strong>F\u00eate du club &#8211; Juin 2025 <\/strong><\/p>\n\n\n\n<p>Vid\u00e9o cours <strong>Baby Karat\u00e9 <\/strong>: <a href=\"https:\/\/youtu.be\/-3c9fXM8bTQ\">https:\/\/youtu.be\/-3c9fXM8bTQ<\/a><\/p>\n\n\n\n<p>Vid\u00e9o<strong> cours enfants <\/strong>: <a href=\"https:\/\/youtu.be\/ovTNI6Sidbc\">https:\/\/youtu.be\/ovTNI6Sidbc<\/a><\/p>\n\n\n\n<p>Vid\u00e9o <strong>cours ado\/adultes<\/strong> : <a href=\"https:\/\/youtu.be\/5FJo2vQ3PNE\">https:\/\/youtu.be\/5FJo2vQ3PNE<\/a><\/p>\n\n\n\n<p>Vid\u00e9o cours <strong>Body Karat\u00e9<\/strong> : <a href=\"https:\/\/youtu.be\/FUw9I4bw_hc\">https:\/\/youtu.be\/FUw9I4bw_hc<\/a><\/p>\n\n\n\n<p class=\"has-text-align-center\"><strong>Comp\u00e9tition Body Karat\u00e9 <\/strong><\/p>\n\n\n\n<p><strong>Championnat de France &#8211; body karat\u00e9 &#8211; 2025<\/strong><\/p>\n\n\n\n<p>Retour en image de l&rsquo;\u00e9quipe Body Karat\u00e9 du club de l&rsquo;USY Karat\u00e9 \ud83e\udd4b Une belle prestation \ud83e\udd29, s\u00e9rieux, investissement et plaisir, \u00e9taient au rdv pour leur 1er participation. Bravo \ud83d\udc4f<\/p>\n\n\n\n<p class=\"has-text-align-center\"><strong>Vid\u00e9o : <a href=\"https:\/\/youtu.be\/2igpxPU4fwU\">https:\/\/youtu.be\/2igpxPU4fwU<\/a><\/strong><\/p>\n\n\n\n<p><strong>Comp\u00e9tition Body Karat\u00e9 d\u00e9cembre 2023<\/strong><\/p>\n\n\n\n<p>Retour en image d\u2019une belle matin\u00e9e \ud83e\udd29 lors de la comp\u00e9tition de Body Karat\u00e9 Les 2 \u00e9quipes du club de #karate USYKarat\u00e9 de la Queue-Lez-Yvelines ont fi\u00e8rement repr\u00e9sent\u00e9 le club en #bodykarat\u00e9. Pour la premi\u00e8re fois, le club s&rsquo;est lanc\u00e9 dans cette aventure. Cela promet de belles aventures dans le futur. Bravooooo \ud83d\udc4f \u00e0 l\u2019\u00e9quipe 1 : capitaine Sandrine, Emmanuelle &amp; \u00c9lodie et \u00e0 l\u2019\u00e9quipe 2 : Aude &amp; Sabrina.<\/p>\n\n\n\n<p class=\"has-text-align-center\"><strong>Vid\u00e9o : <a href=\"https:\/\/youtu.be\/l6SZ28usV-M\" data-type=\"link\" data-id=\"https:\/\/youtu.be\/l6SZ28usV-M\">https:\/\/youtu.be\/l6SZ28usV-M<\/a><\/strong><\/p>\n\n\n\n<p class=\"has-text-align-center\"><strong>F\u00eate du club &#8211; Juillet 2024 <\/strong><\/p>\n\n\n\n<p>Quel beau moment que tous les \u00e9l\u00e8ves ont partag\u00e9 lors de cette d\u00e9monstration devant leurs familles : baby karat\u00e9, cours enfants, cours ado\/adultes et body karat\u00e9. \ud83e\udd4bBRAVO ET MERCI \u00c0 VOUS TOUS!\ud83e\udd4b<\/p>\n\n\n\n<p class=\"has-text-align-center\"><strong>Vid\u00e9o : <a href=\"https:\/\/youtu.be\/JEywRzD4nUc\">https:\/\/youtu.be\/JEywRzD4nUc<\/a><\/strong><\/p>\n\n\n\n<p class=\"has-text-align-center\"><strong>F\u00eate du club &#8211; Juillet 2023<\/strong><\/p>\n\n\n\n<p>Cours Baby Karat\u00e9<\/p>\n\n\n\n<figure class=\"wp-block-video aligncenter\"><video controls src=\"https:\/\/usykarate.fr\/wp-content\/uploads\/2023\/07\/Design-sans-titre-1.mp4\"><\/video><\/figure>\n\n\n\n<p>Cours Enfants <\/p>\n\n\n\n<figure class=\"wp-block-video aligncenter\"><video controls src=\"https:\/\/usykarate.fr\/wp-content\/uploads\/2023\/07\/Design-sans-titre-2-1.mp4\"><\/video><\/figure>\n\n\n\n<p>Cours Body Karat\u00e9 <\/p>\n\n\n\n<figure class=\"wp-block-video aligncenter\"><video controls src=\"https:\/\/usykarate.fr\/wp-content\/uploads\/2023\/07\/Design-sans-titre-3.mp4\"><\/video><\/figure>\n\n\n\n<p>Cours ado\/adulte :<strong> <a href=\"https:\/\/www.youtube.com\/watch?v=VXReE3qPZ6I\">vid\u00e9o<\/a><\/strong><\/p>\n\n\n\n<p class=\"has-text-align-center\"><strong>F\u00eate du club &#8211; Juillet 2022<\/strong><\/p>\n\n\n\n<p>Cours Baby Karat\u00e9<\/p>\n\n\n\n<figure class=\"wp-block-video\"><video controls src=\"https:\/\/usykarate.fr\/wp-content\/uploads\/2022\/08\/Baby-Karate-USY-2022.mp4\"><\/video><\/figure>\n\n\n\n<p>Cours enfants &amp; cours ado\/adultes<\/p>\n\n\n\n<figure class=\"wp-block-video\"><video controls src=\"https:\/\/usykarate.fr\/wp-content\/uploads\/2022\/08\/Representation-karate-Juillet-2022-1.mp4\"><\/video><\/figure>\n\n\n\n<figure class=\"wp-block-video\"><video controls src=\"https:\/\/usykarate.fr\/wp-content\/uploads\/2022\/08\/Representation-USY-KARATE-Juillet-2022-photos-1.mp4\"><\/video><\/figure>\n\n\n\n<p>Cours Body Karat\u00e9 <\/p>\n\n\n\n<figure class=\"wp-block-video\"><video controls src=\"https:\/\/usykarate.fr\/wp-content\/uploads\/2022\/08\/BODY-KARATE-USY-Juillet-2022-1.mp4\"><\/video><\/figure>\n\n\n\n<p class=\"has-text-align-center\"><strong>F\u00eate du club &#8211; Juillet 2019<\/strong><\/p>\n\n\n\n<p>Vid\u00e9o d\u00e9monstration : <a href=\"https:\/\/vimeo.com\/347722074\">cliquez<\/a><\/p>\n\n\n<p style=\"text-align: center;\"><strong>F\u00eate du club &#8211; Juin 2018<\/strong><\/p>\n<p>Vid\u00e9o d\u00e9monstration : <a href=\"https:\/\/vimeo.com\/282178011\">cliquez<\/a><\/p>\n<!--[if lt IE 9]><script>document.createElement('video');<\/script><![endif]-->\n\t<div class=\"wp-playlist wp-video-playlist wp-playlist-light\">\n\t\t<video controls=\"controls\" preload=\"none\" width=\"728\"\n\t\t height=\"410\"\t><\/video>\n\t<div class=\"wp-playlist-next\"><\/div>\n\t<div class=\"wp-playlist-prev\"><\/div>\n\t<noscript>\n\t<ol>\n\t\t<li><a href='https:\/\/usykarate.fr\/wp-content\/uploads\/2018\/07\/F\u00eate-du-club-U.S.Y-Karat\u00e9-Juin-2018.mp4'>F\u00eate du club U.S.Y Karat\u00e9 Juin 2018<\/a><\/li>\t<\/ol>\n\t<\/noscript>\n\t<script type=\"application\/json\" class=\"wp-playlist-script\">{\"type\":\"video\",\"tracklist\":true,\"tracknumbers\":true,\"images\":true,\"artists\":true,\"tracks\":[{\"src\":\"https:\\\/\\\/usykarate.fr\\\/wp-content\\\/uploads\\\/2018\\\/07\\\/F\\u00eate-du-club-U.S.Y-Karat\\u00e9-Juin-2018.mp4\",\"type\":\"video\\\/mp4\",\"title\":\"F\\u00eate du club U.S.Y Karat\\u00e9 Juin 2018\",\"caption\":\"F\\u00eate du club - Juin 2018\",\"description\":\"\",\"meta\":{\"length_formatted\":\"0:49\"},\"dimensions\":{\"original\":{\"width\":1920,\"height\":1080},\"resized\":{\"width\":728,\"height\":410}},\"image\":{\"src\":\"https:\\\/\\\/usykarate.fr\\\/wp-includes\\\/images\\\/media\\\/video.svg\",\"width\":48,\"height\":64},\"thumb\":{\"src\":\"https:\\\/\\\/usykarate.fr\\\/wp-includes\\\/images\\\/media\\\/video.svg\",\"width\":48,\"height\":64}}]}<\/script>\n<\/div>\n\t","protected":false},"excerpt":{"rendered":"<p>F\u00eate du club &#8211; Juin 2025 Vid\u00e9o cours Baby Karat\u00e9 : https:\/\/youtu.be\/-3c9fXM8bTQ Vid\u00e9o cours enfants : https:\/\/youtu.be\/ovTNI6Sidbc Vid\u00e9o cours ado\/adultes : https:\/\/youtu.be\/5FJo2vQ3PNE Vid\u00e9o cours Body Karat\u00e9 : https:\/\/youtu.be\/FUw9I4bw_hc Comp\u00e9tition Body Karat\u00e9 Championnat de France &#8211; body karat\u00e9 &#8211; 2025 Retour en image de l&rsquo;\u00e9quipe Body Karat\u00e9 du club de l&rsquo;USY [&hellip;]<\/p>\n","protected":false},"author":2,"featured_media":0,"parent":0,"menu_order":0,"comment_status":"closed","ping_status":"closed","template":"","meta":{"footnotes":""},"class_list":["post-110","page","type-page","status-publish","hentry"],"_links":{"self":[{"href":"https:\/\/usykarate.fr\/index.php\/wp-json\/wp\/v2\/pages\/110","targetHints":{"allow":["GET"]}}],"collection":[{"href":"https:\/\/usykarate.fr\/index.php\/wp-json\/wp\/v2\/pages"}],"about":[{"href":"https:\/\/usykarate.fr\/index.php\/wp-json\/wp\/v2\/types\/page"}],"author":[{"embeddable":true,"href":"https:\/\/usykarate.fr\/index.php\/wp-json\/wp\/v2\/users\/2"}],"replies":[{"embeddable":true,"href":"https:\/\/usykarate.fr\/index.php\/wp-json\/wp\/v2\/comments?post=110"}],"version-history":[{"count":10,"href":"https:\/\/usykarate.fr\/index.php\/wp-json\/wp\/v2\/pages\/110\/revisions"}],"predecessor-version":[{"id":1192,"href":"https:\/\/usykarate.fr\/index.php\/wp-json\/wp\/v2\/pages\/110\/revisions\/1192"}],"wp:attachment":[{"href":"https:\/\/usykarate.fr\/index.php\/wp-json\/wp\/v2\/media?parent=110"}],"curies":[{"name":"wp","href":"https:\/\/api.w.org\/{rel}","templated":true}]}}